actors of 276.
2, 3, 23
List the prime factors of 78545.
5, 23, 683
What are the prime factors of 2266?
2, 11, 103
What are the prime factors of 4286?
2, 2143
List the prime factors of 39179.
7, 29, 193
List the prime factors of 4072.
2, 509
What are the prime factors of 17349?
3, 5783
List the prime factors of 10731.
3, 7, 73
List the prime factors of 4005.
3, 5, 89
What are the prime factors of 94534?
2, 11, 4297
What are the prime factors of 11402?
2, 5701
What are the prime factors of 3239?
41, 79
What are the prime factors of 9154?
2, 23, 199
List the prime factors of 30843.
3, 23, 149
List the prime factors of 3313.
3313
What are the prime factors of 36146?
2, 11, 31, 53
What are the prime factors of 75679?
75679
List the prime factors of 11708.
2, 2927
What are the prime factors of 22392?
2, 3, 311
What are the prime factors of 1535?
5, 307
What are the prime factors of 23188?
2, 11, 17, 31
List the prime factors of 9675.
3, 5, 43
What are the prime factors of 84779?
17, 4987
List the prime factors of 83779.
199, 421
What are the prime factors of 85577?
85577
List the prime factors of 6667.
59, 113
What are the prime factors of 12631?
17, 743
List the prime factors of 4306.
2, 2153
What are the prime factors of 22210?
2, 5, 2221
What are the prime factors of 11065?
5, 2213
List the prime factors of 6425.
5, 257
What are the prime factors of 2209?
47
List the prime factors of 598.
2, 13, 23
List the prime factors of 948.
2, 3, 79
What are the prime factors of 77105?
5, 7, 2203
List the prime factors of 74995.
5, 53, 283
What are the prime factors of 8782?
2, 4391
List the prime factors of 13321.
7, 11, 173
What are the prime factors of 639?
3, 71
List the prime factors of 11242.
2, 7, 11, 73
List the prime factors of 98042.
2, 7, 47, 149
What are the prime factors of 821?
821
What are the prime factors of 48771?
3, 5419
What are the prime factors of 2996?
2, 7, 107
What are the prime factors of 2181?
3, 727
What are the prime factors of 1075?
5, 43
List the prime factors of 11648.
2, 7, 13
List the prime factors of 5014.
2, 23, 109
What are the prime factors of 36095?
5, 7219
What are the prime factors of 14135?
5, 11, 257
List the prime factors of 1769.
29, 61
List the prime factors of 2937.
3, 11, 89
What are the prime factors of 1239?
3, 7, 59
What are the prime factors of 1750?
2, 5, 7
What are the prime factors of 25856?
2, 101
What are the prime factors of 1276?
2, 11, 29
What are the prime factors of 23393?
149, 157
What are the prime factors of 2669?
17, 157
List the prime factors of 1033.
1033
What are the prime factors of 4444?
2, 11, 101
List the prime factors of 63592.
2, 7949
List the prime factors of 50769.
3, 5641
What are the prime factors of 656?
2, 41
List the prime factors of 199.
199
What are the prime factors of 22989?
3, 79, 97
What are the prime factors of 3929?
3929
List the prime factors of 2085.
3, 5, 139
List the prime factors of 27554.
2, 23, 599
What are the prime factors of 35698?
2, 13, 1373
List the prime factors of 574.
2, 7, 41
What are the prime factors of 18822?
2, 3, 3137
List the prime factors of 49076.
2, 12269
What are the prime factors of 299?
13, 23
What are the prime factors of 1084?
2, 271
What are the prime factors of 18867?
3, 19, 331
What are the prime factors of 139165?
5, 13, 2141
List the prime factors of 26371.
26371
What are the prime factors of 1217?
1217
What are the prime factors of 5248?
2, 41
What are the prime factors of 4164?
2, 3, 347
List the prime factors of 2716.
2, 7, 97
List the prime factors of 556.
2, 139
List the prime factors of 121.
11
What are the prime factors of 33489?
3, 61
What are the prime factors of 44168?
2, 5521
List the prime factors of 194.
2, 97
List the prime factors of 716.
2, 179
List the prime factors of 1747.
1747
List the prime factors of 1252.
2, 313
List the prime factors of 4646.
2, 23, 101
List the prime factors of 1422.
2, 3, 79
What are the prime factors of 8758?
2, 29, 151
List the prime factors of 4728.
2, 3, 197
What are the prime factors of 3660?
2, 3, 5, 61
List the prime factors of 10943.
31, 353
What are the prime factors of 1069?
1069
What are the prime factors of 16075?
5, 643
What are the prime factors of 15614?
2, 37, 211
What are the prime factors of 13562?
2, 6781
List the prime factors of 153684.
2, 3, 1423
What are the prime factors of 16817?
67, 251
What are the prime factors of 28943?
103, 281
List the prime factors of 7140.
2, 3, 5, 7, 17
List the prime factors of 5102.
2, 2551
What are the prime factors of 12064?
2, 13, 29
What are the prime factors of 35830?
2, 5, 3583
What are the prime factors of 5289?
3, 41, 43
What are the prime factors of 69251?
7, 13, 761
List the prime factors of 6177.
3, 29, 71
List the prime factors of 957.
3, 11, 29
What are the prime factors of 26452?
2, 17, 389
What are the prime factors of 13674?
2, 3, 43, 53
List the prime factors of 3898.
2, 1949
What are the prime factors of 3112?
2, 389
List the prime factors of 7831.
41, 191
What are the prime factors of 907?
907
List the prime factors of 141.
3, 47
What are the prime factors of 25976?
2, 17, 191
List the prime factors of 1080.
2, 3, 5
What are the prime factors of 17292?
2, 3, 11, 131
List the prime factors of 589.
19, 31
What are the prime factors of 26506?
2, 29, 457
What are the prime factors of 40589?
37, 1097
List the prime factors of 1105.
5, 13, 17
What are the prime factors of 48510?
2, 3, 5, 7, 11
List the prime factors of 9188.
2, 2297
What are the prime factors of 45550?
2, 5, 911
List the prime factors of 24267.
3, 8089
List the prime factors of 1716.
2, 3, 11, 13
What are the prime factors of 1471?
1471
What are the prime factors of 4973?
4973
What are the prime factors of 8119?
23, 353
What are the prime factors of 1238?
2, 619
List the prime factors of 1187.
1187
What are the prime factors of 484?
2, 11
What are the prime factors of 17209?
17209
List the prime factors of 1604.
2, 401
List the prime factors of 1904.
2, 7, 17
What are the prime factors of 3056?
2, 191
What are the prime factors of 118334?
2, 59167
What are the prime factors of 4884?
2, 3, 11, 37
List the prime factors of 9745.
5, 1949
List the prime factors of 2326.
2, 1163
List the prime factors of 8442.
2, 3, 7, 67
List the prime factors of 2603.
19, 137
What are the prime factors of 11286?
2, 3, 11, 19
List the prime factors of 6946.
2, 23, 151
List the prime factors of 8262.
2, 3, 17
What are the prime factors of 142779?
3, 7, 13, 523
List the prime factors of 1820.
2, 5, 7, 13
What are the prime factors of 489?
3, 163
List the prime factors of 944.
2, 59
List the prime factors of 254.
2, 127
List the prime factors of 52595.
5, 67, 157
What are the prime factors of 35958?
2, 3, 13, 461
What are the prime factors of 3204?
2, 3, 89
List the prime factors of 153.
3, 17
What are the prime factors of 19115?
5, 3823
List the prime factors of 1816.
2, 227
What are the prime factors of 2826?
2, 3, 157
List the prime factors of 3014.
2, 11, 137
What are the prime factors of 14811?
3, 4937
List the prime factors of 212.
2, 53
List the prime factors of 2280.
2, 3, 5, 19
What are the prime factors of 69997?
69997
What are the prime factors of 1073?
29, 37
List the prime factors of 3149.
47, 67
What are the prime factors of 39221?
7, 13, 431
List the prime factors of 8869.
7, 181
List the prime factors of 9742.
2, 4871
What are the prime factors of 9521?
9521
List the prime factors of 9836.
2, 2459
What are the prime factors of 5119?
5119
List the prime factors of 44779.
7, 6397
What are the prime factors of 87?
3, 29
List the prime factors of 19346.
2, 17, 569
List the prime factors of 71426.
2, 71, 503
List the prime factors of 11881.
109
List the prime factors of 4023.
3, 149
List the prime factors of 37306.
2, 23, 811
What are the prime factors of 1048?
2, 131
List the prime factors of 33.
3, 11
What are the prime factors of 23444?
2, 5861
What are the prime factors of 10358?
2, 5179
What are the prime factors of 1588?
2, 397
List the prime factors of 773.
773
List the prime factors of 14048.
2, 439
What are the prime factors of 1984?
2, 31
What are the prime factors of 9379?
83, 113
What are the prime factors of 4099?
4099
List the prime factors of 1209.
3, 1